What is the units digit of 22434?
4
What is the thousands digit of 7623?
7
What is the units digit of 107122?
2
What is the hundreds digit of 819?
8
What is the tens digit of 29469?
6
What is the units digit of 4135?
5
What is the units digit of 570?
0
What is the units digit of 82?
2
What is the thousands digit of 2297?
2
What is the units digit of 23806?
6
What is the units digit of 35380?
0
What is the units digit of 10304?
4
What is the units digit of 6188?
8
What is the units digit of 26354?
4
What is the units digit of 770?
0
What is the ten thousands digit of 16532?
1
What is the tens digit of 3338?
3
What is the hundreds digit of 375?
3
What is the tens digit of 2080?
8
What is the thousands digit of 36547?
6
What is the hundreds digit of 397?
3
What is the thousands digit of 2263?
2
What is the hundreds digit of 3788?
7
What is the hundreds digit of 1182?
1
What is the hundreds digit of 3635?
6
What is the tens digit of 1207?
0
What is the hundreds digit of 25094?
0
What is the ten thousands digit of 33389?
3
What is the hundreds digit of 567?
5
What is the units digit of 3792?
2
What is the tens digit of 89441?
4
What is the hundreds digit of 304?
3
What is the tens digit of 15182?
8
What is the units digit of 978?
8
What is the units digit of 12662?
2
What is the hundreds digit of 2455?
4
What is the units digit of 3885?
5
What is the hundreds digit of 609?
6
What is the units digit of 27973?
3
What is the hundred thousands digit of 138757?
1
What is the hundreds digit of 12474?
4
What is the ten thousands digit of 15304?
1
What is the units digit of 33489?
9
What is the thousands digit of 5221?
5
What is the units digit of 1012?
2
What is the tens digit of 3913?
1
What is the thousands digit of 2675?
2
What is the thousands digit of 46955?
6
What is the units digit of 2309?
9
What is the thousands digit of 3783?
3
What is the units digit of 479?
9
What is the tens digit of 25734?
3
What is the tens digit of 43663?
6
What is the tens digit of 1687?
8
What is the hundreds digit of 1371?
3
What is the tens digit of 864?
6
What is the units digit of 544?
4
What is the tens digit of 156434?
3
What is the tens digit of 9675?
7
What is the tens digit of 3343?
4
What is the hundreds digit of 652?
6
What is the tens digit of 423?
2
What is the hundreds digit of 3424?
4
What is the thousands digit of 3556?
3
What is the hundreds digit of 114637?
6
What is the units digit of 220?
0
What is the thousands digit of 4225?
4
What is the units digit of 26658?
8
What is the units digit of 497?
7
What is the thousands digit of 1757?
1
What is the hundreds digit of 60997?
9
What is the hundreds digit of 11098?
0
What is the hundreds digit of 5793?
7
What is the thousands digit of 1743?
1
What is the units digit of 973?
3
What is the thousands digit of 7495?
7
What is the units digit of 1791?
1
What is the thousands digit of 3960?
3
What is the tens digit of 5412?
1
What is the hundreds digit of 18340?
3
What is the tens digit of 9795?
9
What is the hundreds digit of 8187?
1
What is the thousands digit of 19424?
9
What is the thousands digit of 4872?
4
What is the tens digit of 1042?
4
What is the units digit of 48121?
1
What is the tens digit of 16219?
1
What is the tens digit of 2812?
1
What is the hundreds digit of 4013?
0
What is the tens digit of 933?
3
What is the hundreds digit of 1123?
1
What is the tens digit of 83540?
4
What is the tens digit of 3867?
6
What is the thousands digit of 2286?
2
What is the hundreds digit of 292?
2
What is the thousands digit of 6765?
6
What is the hundreds digit of 348?
3
What is the tens digit of 386?
8
What is the tens digit of 9326?
2
What is the tens digit of 25832?
3
What is the tens digit of 2085?
8
What is the units digit of 1901?
1
What is the hundreds digit of 4002?
0
What is the units digit of 72?
2
What is the hundreds digit of 16211?
2
What is the hundreds digit of 1883?
8
What is the units digit of 2798?
8
What is the tens digit of 30027?
2
What is the hundreds digit of 3315?
3
What is the tens digit of 395?
9
What is the hundreds digit of 414?
4
What is the tens digit of 19257?
5
What is the hundreds digit of 282?
2
What is the ten thousands digit of 77116?
7
What is the ten thousands digit of 26252?
2
What is the units digit of 40842?
2
What is the hundreds digit of 3526?
5
What is the units digit of 397?
7
What is the tens digit of 3733?
3
What is the units digit of 360?
0
What is the units digit of 99?
9
What is the ten thousands digit of 18767?
1
What is the units digit of 329?
9
What is the hundreds digit of 1131?
1
What is the units digit of 645?
5
What is the tens digit of 45672?
7
What is the units digit of 14072?
2
What is the hundreds digit of 1453?
4
What is the units digit of 19127?
7
What is the hundreds digit of 36897?
8
What is the tens digit of 20248?
4
What is the ten thousands digit of 11640?
1
What is the tens digit of 3876?
7
What is the tens digit of 10339?
3
What is the hundreds digit of 8876?
8
What is the hundreds digit of 58589?
5
What is the tens digit of 431?
3
What is the tens digit of 151246?
4
What is the thousands digit of 4000?
4
What is the units digit of 287?
7
What is the hundreds digit of 75443?
4
What is the ten thousands digit of 108655?
0
What is the units digit of 40885?
5
What is the thousands digit of 1500?
1
What is the tens digit of 30?
3
What is the hundreds digit of 766?
7
What is the thousands digit of 22600?
2
What is the thousands digit of 119920?
9
What is the tens digit of 1287?
8
What is the tens digit of 1605?
0
What is the hundreds digit of 11391?
3
What is the hundreds digit of 2098?
0
What is the ten thousands digit of 123896?
2
What is the ten thousands digit of 99691?
9
What is the tens digit of 1709?
0
What is the tens digit of 9727?
2
What is the tens digit of 12987?
8
What is the units digit of 41681?
1
What is the units digit of 757?
7
What is the units digit of 520?
0
What is the units digit of 470?
0
What is the units digit of 214?
4
What is the tens digit of 66943?
4
What is the units digit of 5305?
5
What is the tens digit of 209?
0
What is the units digit of 8390?
0
What is the units digit of 442?
2
What is the hundreds digit of 2651?
6
What is the thousands digit of 3442?
3
What is the thousands digit of 2300?
2
What is the units digit of 87?
7
What is the units digit of 5841?
1
What is the tens digit of 3217?
1
What is the tens digit of 1496?
9
What is the units digit of 982?
2
What is the thousands digit of 177312?
7
What is the hundreds digit of 1382?
3
What is the ten thousands digit of 72606?
7
What is the thousands digit of 37199?
7
What is the thousands digit of 68400?
8
What is the tens digit of 623?
2
What is the hundreds digit of 1381?
3
What is the tens digit of 2676?
7
What is the hundred thousands digit of 119399?
1
What is the thousands digit of 1392?
1
What is the hundreds digit of 16874?
8
What is the thousands digit of 22949?
2
What is the hundreds digit of 2064?
0
What is the tens digit of 82189?
8
What is the tens digit of 1683?
8
What is the thousands digit of 1027?
1
What is the hundreds digit of 3724?
7
What is the tens digit of 152?
5
What is the tens digit of 5765?
6
What is the hundreds digit of 194?
1
What is the hundred thousands digit of 104852?
1
What is the thousands digit of 6201?
6
What is the tens digit of 12635?
3
What is the hundreds digit of 134?
1
What is the tens digit of 565?
6
What is the hundreds digit of 863?
8
What is the units digit of 109397?
7
What is the ten thousands digit of 74551?
7
What is the tens digit of 1274?
7
What is the units digit of 335?
5
What is the tens digit of 1006?
0
What is the units digit of 6189?
9
What is the tens digit of 69?
6
What is the units digit of 6521?
1
What is the thousands digit of 2358?
2
What is the hundreds digit of 3037?
0
What is the hundreds digit of 9172?
1
What is the hundreds digit of 6167?
1
What is the tens digit of 1651?
5
What is the ten thousands digit of 21197?
2
What is the units digit of 3304?
4
What is the tens digit of 18053?
5
What is the tens digit of 82?
8
What is the thousands digit of 51947?
1
What is the units digit of 1829?
9
What is the hundreds digit of 333?
3
What is the hundreds digit of 17254?
2
What is the hundreds